when 15047 is divided by 106.
101
Calculate the remainder when 7539 is divided by 7471.
68
Calculate the remainder when 210083 is divided by 69958.
209
Calculate the remainder when 71578 is divided by 9.
1
What is the remainder when 16900 is divided by 158?
152
What is the remainder when 24006 is divided by 3999?
12
Calculate the remainder when 199378 is divided by 49.
46
What is the remainder when 158830 is divided by 2237?
3
Calculate the remainder when 24155 is divided by 348.
143
Calculate the remainder when 18298 is divided by 145.
28
Calculate the remainder when 50221 is divided by 35.
31
Calculate the remainder when 279334 is divided by 678.
676
What is the remainder when 6200 is divided by 37?
21
Calculate the remainder when 36967 is divided by 7392.
7
What is the remainder when 3929 is divided by 57?
53
What is the remainder when 6704 is divided by 292?
280
What is the remainder when 92884 is divided by 226?
224
What is the remainder when 10475 is divided by 5155?
165
Calculate the remainder when 614347 is divided by 22.
19
Calculate the remainder when 9806 is divided by 287.
48
Calculate the remainder when 2328 is divided by 770.
18
Calculate the remainder when 1369 is divided by 33.
16
What is the remainder when 331044 is divided by 902?
10
Calculate the remainder when 7600 is divided by 495.
175
Calculate the remainder when 21055 is divided by 28.
27
Calculate the remainder when 17158 is divided by 780.
778
Calculate the remainder when 321175 is divided by 19.
18
Calculate the remainder when 50372 is divided by 22.
14
What is the remainder when 94227 is divided by 17?
13
What is the remainder when 472 is divided by 286?
186
Calculate the remainder when 2601 is divided by 2072.
529
Calculate the remainder when 8090 is divided by 2676.
62
Calculate the remainder when 11577 is divided by 176.
137
What is the remainder when 481184 is divided by 255?
254
What is the remainder when 1152 is divided by 193?
187
What is the remainder when 8148 is divided by 2715?
3
Calculate the remainder when 2222 is divided by 554.
6
What is the remainder when 7396 is divided by 185?
181
What is the remainder when 380 is divided by 228?
152
Calculate the remainder when 4297 is divided by 2143.
11
What is the remainder when 849 is divided by 385?
79
Calculate the remainder when 23079 is divided by 146.
11
Calculate the remainder when 32699 is divided by 1719.
38
What is the remainder when 20684 is divided by 225?
209
What is the remainder when 115685 is divided by 230?
225
Calculate the remainder when 1824 is divided by 167.
154
Calculate the remainder when 5533 is divided by 45.
43
What is the remainder when 1460475 is divided by 94?
91
Calculate the remainder when 21452 is divided by 3064.
4
Calculate the remainder when 6690 is divided by 835.
10
Calculate the remainder when 87615 is divided by 64.
63
Calculate the remainder when 3257 is divided by 442.
163
What is the remainder when 8576 is divided by 282?
116
Calculate the remainder when 6654 is divided by 595.
109
Calculate the remainder when 358353 is divided by 72.
9
Calculate the remainder when 573205 is divided by 1217.
1215
What is the remainder when 8496 is divided by 982?
640
Calculate the remainder when 1197765 is divided by 312.
309
What is the remainder when 4871 is divided by 649?
328
What is the remainder when 6628 is divided by 587?
171
What is the remainder when 1352 is divided by 600?
152
Calculate the remainder when 24593 is divided by 3.
2
What is the remainder when 3658 is divided by 335?
308
What is the remainder when 1617 is divided by 296?
137
What is the remainder when 37863 is divided by 583?
551
What is the remainder when 176120 is divided by 125?
120
What is the remainder when 49715 is divided by 123?
23
What is the remainder when 87080 is divided by 351?
32
Calculate the remainder when 44760 is divided by 8947.
25
Calculate the remainder when 70229 is divided by 35111.
7
Calculate the remainder when 76004 is divided by 178.
176
What is the remainder when 77280 is divided by 38?
26
Calculate the remainder when 297493 is divided by 328.
325
What is the remainder when 14616 is divided by 2087?
7
What is the remainder when 2595 is divided by 994?
607
What is the remainder when 3311 is divided by 23?
22
What is the remainder when 173591 is divided by 30?
11
What is the remainder when 56432 is divided by 5628?
152
Calculate the remainder when 61480 is divided by 30739.
2
Calculate the remainder when 27551 is divided by 123.
122
Calculate the remainder when 4126 is divided by 296.
278
What is the remainder when 488998 is divided by 25?
23
What is the remainder when 69134 is divided by 384?
14
What is the remainder when 742547 is divided by 102?
89
Calculate the remainder when 908123 is divided by 97.
9
Calculate the remainder when 644 is divided by 95.
74
What is the remainder when 4629 is divided by 40?
29
Calculate the remainder when 5233 is divided by 176.
129
Calculate the remainder when 10476 is divided by 24.
12
What is the remainder when 56694 is divided by 36?
30
What is the remainder when 9090 is divided by 1518?
1500
Calculate the remainder when 306221 is divided by 227.
225
What is the remainder when 5724 is divided by 336?
12
What is the remainder when 9808 is divided by 1611?
142
What is the remainder when 642 is divided by 321?
0
Calculate the remainder when 3939 is divided by 690.
489
What is the remainder when 3581262 is divided by 197?
196
What is the remainder when 83523 is divided by 314?
313
What is the remainder when 332441 is divided by 253?
252
What is the remainder when 1094 is divided by 254?
78
What is the remainder when 2384 is divided by 133?
123
What is the remainder when 8179 is divided by 71?
14
Calculate the remainder when 1548 is divided by 29.
11
Calculate the remainder when 272408 is divided by 65.
58
Calculate the remainder when 89811 is divided by 3592.
11
What is the remainder when 1490 is divided by 150?
140
Calculate the remainder when 214541 is divided by 71512.
5
What is the remainder when 3162 is divided by 28?
26
What is the remainder when 502353 is divided by 38642?
7
What is the remainder when 24745 is divided by 136?
129
What is the remainder when 18562 is divided by 156?
154
Calculate the remainder when 934136 is divided by 467065.
6
What is the remainder when 4113 is divided by 1361?
30
What is the remainder when 126060 is divided by 3?
0
What is the remainder when 296960 is divided by 980?
20
What is the remainder when 5109568 is divided by 45?
43
Calculate the remainder when 27381 is divided by 21.
18
What is the remainder when 38366 is divided by 106?
100
What is the remainder when 717266 is divided by 1077?
1061
Calculate the remainder when 369256 is divided by 128.
104
What is the remainder when 2117 is divided by 1766?
351
What is the remainder when 43198 is divided by 1963?
12
What is the remainder when 392 is divided by 384?
8
What is the remainder when 13737 is divided by 974?
101
Calculate the remainder when 3939 is divided by 88.
67
What is the remainder when 15026 is divided by 627?
605
Calculate the remainder when 7855 is divided by 281.
268
Calculate the remainder when 4281 is divided by 839.
86
Calculate the remainder when 3564477 is divided by 790.
787
Calculate the remainder when 6949 is divided by 52.
33
What is the remainder when 161464 is divided by 1196?
4
Calculate the remainder when 57265 is divided by 333.
322
Calculate the remainder when 12813 is divided by 12564.
249
Calculate the remainder when 201406 is divided by 192.
190
What is the remainder when 7339 is divided by 350?
339
What is the remainder when 826 is divided by 247?
85
What is the remainder when 3360 is divided by 16?
0
What is the remainder when 4907 is divided by 4829?
78
What is the remainder when 129336 is divided by 20?
16
Calculate the remainder when 1540 is divided by 194.
182
What is the remainder when 31816 is divided by 549?
523
What is the remainder when 646 is divided by 216?
214
What is the remainder when 19339 is divided by 34?
27
Calculate the remainder when 2944 is divided by 325.
19
Calculate the remainder when 11444 is divided by 5714.
16
What is the remainder when 7906 is divided by 268?
134
What is the remainder when 37230